ime factors of 5866124?
2, 11, 133321
What are the prime factors of 111798?
2, 3, 6211
What are the prime factors of 2076075?
3, 5, 9227
What are the prime factors of 136098?
2, 3, 7561
List the prime factors of 28662622.
2, 79, 181409
What are the prime factors of 1023330?
2, 3, 5, 7, 11, 443
What are the prime factors of 566924?
2, 141731
List the prime factors of 42840.
2, 3, 5, 7, 17
What are the prime factors of 191787?
3, 63929
What are the prime factors of 409750?
2, 5, 11, 149
What are the prime factors of 110347?
17, 6491
What are the prime factors of 35052?
2, 3, 23, 127
List the prime factors of 89479.
13, 6883
List the prime factors of 4354611.
3, 29, 50053
List the prime factors of 995981.
7, 263, 541
What are the prime factors of 1970518?
2, 11, 43, 2083
What are the prime factors of 304582?
2, 67, 2273
List the prime factors of 7079183.
41, 172663
List the prime factors of 332835.
3, 5, 22189
List the prime factors of 252169.
252169
What are the prime factors of 3407752?
2, 17, 25057
List the prime factors of 12519847.
12519847
List the prime factors of 3386027.
3386027
What are the prime factors of 3872698?
2, 1936349
What are the prime factors of 1991673?
3, 37, 5981
What are the prime factors of 3705373?
7, 197, 2687
List the prime factors of 135645.
3, 5, 9043
What are the prime factors of 465070?
2, 5, 46507
What are the prime factors of 1138490?
2, 5, 17, 37, 181
List the prime factors of 20646973.
20646973
List the prime factors of 177667.
7, 17, 1493
What are the prime factors of 4898890?
2, 5, 17, 28817
List the prime factors of 200288.
2, 11, 569
What are the prime factors of 6902950?
2, 5, 138059
List the prime factors of 413605.
5, 82721
What are the prime factors of 15017235?
3, 5, 491, 2039
List the prime factors of 148687.
7, 11, 1931
What are the prime factors of 195962?
2, 13, 7537
List the prime factors of 5883411.
3, 17, 115361
List the prime factors of 283310.
2, 5, 41, 691
List the prime factors of 153282.
2, 3, 59, 433
What are the prime factors of 679875?
3, 5, 7, 37
List the prime factors of 10670894.
2, 13, 19, 21601
What are the prime factors of 780247?
13, 47, 1277
List the prime factors of 4528193.
4528193
List the prime factors of 765290.
2, 5, 103, 743
What are the prime factors of 307183?
83, 3701
What are the prime factors of 51261?
3, 7, 2441
List the prime factors of 281724.
2, 3, 17, 1381
List the prime factors of 165404.
2, 41351
List the prime factors of 6332705.
5, 23, 53, 1039
What are the prime factors of 8549245?
5, 461, 3709
What are the prime factors of 4097830?
2, 5, 11, 37253
List the prime factors of 1065278.
2, 532639
What are the prime factors of 2509962?
2, 3, 7, 13, 4597
List the prime factors of 3875388.
2, 3, 11, 17, 157
List the prime factors of 538610.
2, 5, 53861
What are the prime factors of 28790?
2, 5, 2879
What are the prime factors of 255862?
2, 127931
List the prime factors of 1000256.
2, 15629
What are the prime factors of 3299846?
2, 11, 149993
What are the prime factors of 324792?
2, 3, 13, 347
What are the prime factors of 10401?
3, 3467
List the prime factors of 109177.
43, 2539
What are the prime factors of 104191?
31, 3361
What are the prime factors of 5465155?
5, 461, 2371
List the prime factors of 115083.
3, 19, 673
What are the prime factors of 4242177?
3, 471353
What are the prime factors of 21998758?
2, 10999379
List the prime factors of 1003620.
2, 3, 5, 43, 389
List the prime factors of 3991140.
2, 3, 5, 19, 389
What are the prime factors of 644507?
644507
What are the prime factors of 785859?
3, 17, 19, 811
List the prime factors of 3329053.
7, 13, 36583
List the prime factors of 403626.
2, 3, 67271
What are the prime factors of 219868?
2, 11, 19, 263
List the prime factors of 12867855.
3, 5, 7, 11, 13, 857
What are the prime factors of 59347?
17, 3491
What are the prime factors of 1483372?
2, 11, 33713
What are the prime factors of 6329336?
2, 13, 60859
List the prime factors of 10127506.
2, 5063753
What are the prime factors of 202287?
3, 67429
What are the prime factors of 145437?
3, 48479
List the prime factors of 4426557.
3, 23, 64153
List the prime factors of 223355.
5, 11, 31, 131
What are the prime factors of 22353850?
2, 5, 647, 691
List the prime factors of 21172805.
5, 127, 33343
List the prime factors of 389878.
2, 17, 11467
List the prime factors of 14516761.
7, 2073823
List the prime factors of 7965477.
3, 13, 5237
What are the prime factors of 1857005?
5, 71, 5231
List the prime factors of 2383209.
3, 61, 1447
What are the prime factors of 418246?
2, 209123
What are the prime factors of 2078412?
2, 3, 7, 109, 227
List the prime factors of 359931.
3, 11, 13, 839
List the prime factors of 4912949.
17, 288997
What are the prime factors of 456569?
17, 107, 251
List the prime factors of 18260940.
2, 3, 5, 304349
List the prime factors of 1233534.
2, 3, 205589
What are the prime factors of 591527?
19, 163, 191
List the prime factors of 1654607.
53, 31219
What are the prime factors of 14211121?
223, 63727
What are the prime factors of 3758012?
2, 359, 2617
List the prime factors of 1428608.
2, 11161
What are the prime factors of 10239929?
7, 29, 73, 691
What are the prime factors of 2173946?
2, 883, 1231
List the prime factors of 250534.
2, 19, 347
What are the prime factors of 426489?
3, 7, 23, 883
What are the prime factors of 329168?
2, 7, 2939
List the prime factors of 15651780.
2, 3, 5, 260863
What are the prime factors of 34676?
2, 8669
What are the prime factors of 438529?
7, 13, 61, 79
List the prime factors of 10463274.
2, 3, 581293
What are the prime factors of 1035828?
2, 3, 23, 139
What are the prime factors of 80159?
71, 1129
List the prime factors of 194863.
194863
List the prime factors of 31362.
2, 3, 5227
What are the prime factors of 711215?
5, 103, 1381
What are the prime factors of 222948?
2, 3, 11, 563
What are the prime factors of 2399872?
2, 18749
What are the prime factors of 1412791?
1412791
List the prime factors of 2218932.
2, 3, 61637
What are the prime factors of 2780860?
2, 5, 17, 8179
What are the prime factors of 1127334?
2, 3, 13, 97, 149
List the prime factors of 501988.
2, 125497
List the prime factors of 8294.
2, 11, 13, 29
List the prime factors of 328839.
3, 7, 2237
What are the prime factors of 182657?
182657
What are the prime factors of 24558182?
2, 11, 1116281
List the prime factors of 123992.
2, 11, 1409
List the prime factors of 430518.
2, 3, 11, 593
What are the prime factors of 203543?
89, 2287
List the prime factors of 503808.
2, 3, 41
List the prime factors of 290779.
101, 2879
List the prime factors of 13828868.
2, 3457217
What are the prime factors of 476479?
476479
List the prime factors of 59892.
2, 3, 7, 23, 31
What are the prime factors of 743639?
13, 57203
What are the prime factors of 5490041?
5490041
List the prime factors of 352910.
2, 5, 35291
What are the prime factors of 867779?
11, 78889
What are the prime factors of 136175?
5, 13, 419
What are the prime factors of 4377467?
19, 230393
List the prime factors of 10452906.
2, 3, 580717
List the prime factors of 517338.
2, 3, 41, 701
List the prime factors of 619305.
3, 5, 19, 41, 53
What are the prime factors of 135438?
2, 3, 22573
What are the prime factors of 3559755?
3, 5, 43, 5519
List the prime factors of 1836548.
2, 7, 107, 613
List the prime factors of 345664.
2, 11, 491
List the prime factors of 380351.
23, 719
List the prime factors of 694744.
2, 86843
What are the prime factors of 7946453?
37, 293, 733
What are the prime factors of 7269756?
2, 3, 13, 46601
List the prime factors of 20027976.
2, 3, 19, 167, 263
List the prime factors of 386167.
31, 12457
List the prime factors of 13476220.
2, 5, 673811
List the prime factors of 321798.
2, 3, 53633
List the prime factors of 6332648.
2, 7, 113083
List the prime factors of 1170.
2, 3, 5, 13
List the prime factors of 7163119.
71, 233, 433
What are the prime factors of 1673873?
101, 16573
List the prime factors of 136797.
3, 45599
List the prime factors of 742000.
2, 5, 7, 53
List the prime factors of 190119.
3, 127, 499
What are the prime factors of 10138345?
5, 7, 41381
What are the prime factors of 5225067?
3, 251, 257
What are the prime factors of 474536?
2, 23, 2579
What are